ded by 211.
24
What is the remainder when 72 is divided by 68?
4
Calculate the remainder when 160 is divided by 12.
4
What is the remainder when 567 is divided by 38?
35
What is the remainder when 438 is divided by 22?
20
Calculate the remainder when 20 is divided by 4.
0
Calculate the remainder when 338 is divided by 91.
65
What is the remainder when 67 is divided by 19?
10
Calculate the remainder when 65 is divided by 22.
21
What is the remainder when 527 is divided by 100?
27
What is the remainder when 353 is divided by 71?
69
Calculate the remainder when 922 is divided by 246.
184
What is the remainder when 111 is divided by 59?
52
What is the remainder when 2416 is divided by 62?
60
What is the remainder when 163 is divided by 55?
53
Calculate the remainder when 443 is divided by 86.
13
What is the remainder when 2334 is divided by 124?
102
Calculate the remainder when 12876 is divided by 115.
111
What is the remainder when 1371 is divided by 135?
21
What is the remainder when 363 is divided by 126?
111
Calculate the remainder when 159 is divided by 10.
9
Calculate the remainder when 183 is divided by 21.
15
Calculate the remainder when 9574 is divided by 25.
24
What is the remainder when 1733 is divided by 9?
5
Calculate the remainder when 12574 is divided by 17.
11
What is the remainder when 161 is divided by 15?
11
What is the remainder when 25872 is divided by 115?
112
Calculate the remainder when 667 is divided by 52.
43
What is the remainder when 86 is divided by 45?
41
Calculate the remainder when 6433 is divided by 99.
97
Calculate the remainder when 109 is divided by 50.
9
What is the remainder when 872 is divided by 408?
56
What is the remainder when 277 is divided by 56?
53
What is the remainder when 376 is divided by 15?
1
Calculate the remainder when 1450 is divided by 33.
31
What is the remainder when 294 is divided by 11?
8
Calculate the remainder when 177 is divided by 45.
42
Calculate the remainder when 264 is divided by 10.
4
Calculate the remainder when 8267 is divided by 52.
51
Calculate the remainder when 432 is divided by 353.
79
Calculate the remainder when 3433 is divided by 490.
3
Calculate the remainder when 108 is divided by 59.
49
Calculate the remainder when 1158 is divided by 129.
126
What is the remainder when 168 is divided by 64?
40
Calculate the remainder when 119 is divided by 15.
14
Calculate the remainder when 574 is divided by 217.
140
What is the remainder when 1734 is divided by 44?
18
What is the remainder when 133 is divided by 24?
13
Calculate the remainder when 425 is divided by 123.
56
What is the remainder when 989 is divided by 22?
21
What is the remainder when 304 is divided by 21?
10
What is the remainder when 170 is divided by 10?
0
Calculate the remainder when 545 is divided by 67.
9
What is the remainder when 95 is divided by 23?
3
What is the remainder when 86 is divided by 22?
20
Calculate the remainder when 166 is divided by 56.
54
What is the remainder when 399 is divided by 42?
21
What is the remainder when 2614 is divided by 5?
4
What is the remainder when 17004 is divided by 95?
94
What is the remainder when 69 is divided by 15?
9
Calculate the remainder when 102 is divided by 21.
18
Calculate the remainder when 6494 is divided by 14.
12
Calculate the remainder when 67 is divided by 10.
7
Calculate the remainder when 2014 is divided by 126.
124
Calculate the remainder when 990 is divided by 199.
194
Calculate the remainder when 288 is divided by 75.
63
Calculate the remainder when 1700 is divided by 37.
35
Calculate the remainder when 8165 is divided by 1019.
13
What is the remainder when 1212 is divided by 14?
8
Calculate the remainder when 1742 is divided by 7.
6
What is the remainder when 4465 is divided by 22?
21
Calculate the remainder when 533 is divided by 174.
11
Calculate the remainder when 47 is divided by 19.
9
Calculate the remainder when 181 is divided by 47.
40
What is the remainder when 192 is divided by 39?
36
What is the remainder when 83 is divided by 32?
19
Calculate the remainder when 229 is divided by 54.
13
Calculate the remainder when 861 is divided by 18.
15
What is the remainder when 118 is divided by 15?
13
Calculate the remainder when 3491 is divided by 81.
8
Calculate the remainder when 286 is divided by 77.
55
Calculate the remainder when 697 is divided by 232.
1
Calculate the remainder when 249 is divided by 21.
18
What is the remainder when 73 is divided by 67?
6
What is the remainder when 282 is divided by 16?
10
What is the remainder when 789 is divided by 61?
57
What is the remainder when 42 is divided by 19?
4
Calculate the remainder when 495 is divided by 83.
80
What is the remainder when 246 is divided by 18?
12
Calculate the remainder when 4179 is divided by 182.
175
What is the remainder when 135 is divided by 16?
7
Calculate the remainder when 430 is divided by 19.
12
What is the remainder when 203 is divided by 53?
44
Calculate the remainder when 1130 is divided by 118.
68
What is the remainder when 2272 is divided by 35?
32
What is the remainder when 1286 is divided by 23?
21
What is the remainder when 789 is divided by 41?
10
Calculate the remainder when 2519 is divided by 28.
27
Calculate the remainder when 782 is divided by 98.
96
Calculate the remainder when 8075 is divided by 37.
9
What is the remainder when 377 is divided by 42?
41
Calculate the remainder when 165 is divided by 163.
2
Calculate the remainder when 539 is divided by 23.
10
Calculate the remainder when 377 is divided by 11.
3
What is the remainder when 760 is divided by 109?
106
Calculate the remainder when 147 is divided by 22.
15
Calculate the remainder when 553 is divided by 43.
37
What is the remainder when 444 is divided by 66?
48
What is the remainder when 253 is divided by 7?
1
Calculate the remainder when 200 is divided by 198.
2
Calculate the remainder when 90 is divided by 26.
12
What is the remainder when 830 is divided by 26?
24
What is the remainder when 104 is divided by 77?
27
What is the remainder when 272 is divided by 165?
107
Calculate the remainder when 125 is divided by 8.
5
Calculate the remainder when 36888 is divided by 310.
308
What is the remainder when 53 is divided by 11?
9
Calculate the remainder when 159 is divided by 16.
15
What is the remainder when 557 is divided by 28?
25
What is the remainder when 18385 is divided by 227?
225
Calculate the remainder when 200 is divided by 105.
95
Calculate the remainder when 51 is divided by 16.
3
What is the remainder when 120 is divided by 31?
27
What is the remainder when 128 is divided by 34?
26
Calculate the remainder when 104 is divided by 27.
23
Calculate the remainder when 260 is divided by 34.
22
Calculate the remainder when 83 is divided by 30.
23
What is the remainder when 2337 is divided by 214?
197
What is the remainder when 222 is divided by 38?
32
What is the remainder when 397 is divided by 16?
13
What is the remainder when 319 is divided by 196?
123
What is the remainder when 1621 is divided by 806?
9
Calculate the remainder when 18 is divided by 7.
4
What is the remainder when 121 is divided by 25?
21
What is the remainder when 45 is divided by 7?
3
Calculate the remainder when 203 is divided by 60.
23
Calculate the remainder when 578 is divided by 83.
80
Calculate the remainder when 479 is divided by 4.
3
What is the remainder when 581 is divided by 286?
9
Calculate the remainder when 41 is divided by 13.
2
Calculate the remainder when 2029 is divided by 89.
71
Calculate the remainder when 6630 is divided by 33.
30
Calculate the remainder when 43 is divided by 9.
7
What is the remainder when 143 is divided by 68?
7
What is the remainder when 1315 is divided by 28?
27
What is the remainder when 257 is divided by 76?
29
Calculate the remainder when 121 is divided by 46.
29
What is the remainder when 738 is divided by 191?
165
Calculate the remainder when 3256 is divided by 1055.
91
What is the remainder when 29 is divided by 6?
5
Calculate the remainder when 35 is divided by 19.
16
Calculate the remainder when 502 is divided by 6.
4
Calculate the remainder when 8547 is divided by 9.
6
What is the remainder when 499 is divided by 36?
31
What is the remainder when 327 is divided by 